) be the third derivative of -a**6/120 - a**5/12 + 7*a**4/24 + a**3/3 - 6*a**2. Give b(-6).
-4
Let s(u) = u**2 - 2*u - 3. Let g = -55 + 59. Give s(g).
5
Suppose -11 = 3*x - 2. Let k(t) = -17*t - 6 - 19*t + 35*t. Give k(x).
-3
Let q(x) be the second derivative of 0 - x - 1/30*x**5 + 1/3*x**3 - x**2 + 1/12*x**4. Let v(j) be the first derivative of q(j). Give v(2).
-2
Let c be 5*(2 + 16/(-10)). Suppose -4*g = -c*g + 16. Let u be g/(-6)*(-18)/4. Let s(b) = b**3 + 6*b**2 + 2. Calculate s(u).
2
Let m(x) be the second derivative of x**4/12 - 3*x**3/2 + 4*x**2 + 15*x. Give m(7).
-6
Let i(j) = -j**2 - 4*j + 7. Let p be i(-5). Let s(n) = 3*n + n**p - 5*n + 5*n. What is s(-4)?
4
Let u(a) = -a**2 + 4*a + 2. Let d(l) = -2*l - 40. Let n be d(-22). Determine u(n).
2
Let w(x) = x**3 + 5*x**2 + 6*x + 4. Let l be w(-4). Let f(r) = -r**2 - 5*r + 2. Determine f(l).
6
Suppose 3*z = -4*r + 1 + 2, 3 = 5*r + 4*z. Let q(y) = r*y**2 - y - 2*y**2 + 0 - 4*y - 2. Let i be (0 + 5/2)*2. Calculate q(i).
-2
Let j(t) = -4*t**2 - 11962*t + 11962*t. Let d(y) = y - 1. Let l be d(0). Give j(l).
-4
Suppose 3*b + 13 = 4*n + n, 2*b = -5*n + 33. Let v(k) = 1 + k - n + 4. Let l be (-1 - (1 + -5)) + -4. What is v(l)?
-1
Let g(t) = -3*t**3 - 2*t + 3*t**2 + 0*t**2 + 0*t + 3 + 4*t**3. Give g(-4).
-5
Let l(d) = -3*d + 1. Let m(n) = -3*n + 1. Let h(p) = 5*l(p) - 6*m(p). Calculate h(2).
5
Let a(t) = t - 6. Let w = -53 - -81. Let c be 212/w - (-12)/(-21). Calculate a(c).
1
Suppose m = -0*m + 1. Let s be ((-3)/(-1) - 2)*m. Let f(k) be the third derivative of k**6/120 - k**5/60 - 5*k**2. What is f(s)?
0
Let l(v) be the second derivative of 1/20*v**5 + 5/6*v**3 + 4*v - v**2 - 5/12*v**4 + 0. Calculate l(4).
2
Let w = 6 - 10. Let z(m) = m**2 - m - 1. Let t(l) = l**2 - 4*l + 3. Let u = -13 + 12. Let c(o) = u*t(o) + 2*z(o). Determine c(w).
3
Suppose 2*s + 5 = 3*s. Suppose -s*v - 2*r = 2*r - 8, 4*v = -r + 2. Let k(m) be the first derivative of -m**4/4 + m**3/3 + m**2/2 + m - 1. What is k(v)?
1
Let q(t) = t**2 - 6*t + 10. Let w be q(4). Let m(b) = 3*b**2 + 7*b - 2. Let r(f) = 4*f**2 + 7*f - 2. Let l(j) = w*r(j) - 3*m(j). What is l(-6)?
8
Let z(c) = -7*c**3 + 6*c**2 - 13*c + 1. Let n(j) = 20*j**3 - 18*j**2 + 38*j - 4. Let w(k) = 6*n(k) + 17*z(k). Give w(5).
3
Suppose 0 = -5*m - 4*r + 11, -9 = 4*m - r - 1. Let s(q) = -2 + 3 - q**2 + q**2 + 6*q**2. Calculate s(m).
7
Suppose 0 = 2*z + 3 - 7. Let s(h) = -7*h - 1. Let i(f) = 2*f - 6*f + 3*f. Let q(k) = 6*i(k) - s(k). Determine q(z).
3
Let u(i) = -2 + 0*i + 1 + 0*i + i. Determine u(4).
3
Let i be 12/(-18) + 13/(-3). Let c(o) = o**2 + 2*o - 5. Give c(i).
10
Let z(o) = 2*o**3 + 6*o**2 + 8. Let d(q) = q**3 - q**2. Let l(h) = -d(h) + z(h). Calculate l(-7).
8
Let j(t) = -t + 7. Let b be j(6). Let p(l) = 19*l**2 + 3*l + 5. Let g(u) = 9*u**2 + u + 2. Let d(h) = 5*g(h) - 2*p(h). Calculate d(b).
6
Suppose -s = -3*s + 2. Let p be (s/(-2))/(1/4). Let i(g) = 9*g**3 + 11*g**2 + g + 3. Let y(h) = 4*h**3 + 5*h**2 + 1. Let j(k) = -3*i(k) + 7*y(k). What is j(p)?
4
Let j(a) = 8*a - 4. Let b(p) = p. Let h(m) = -5*b(m) + j(m). Determine h(-4).
-16
Let r(l) be the first derivative of -l**3/3 - 5*l**2/2 + 5*l - 1. Give r(-6).
-1
Let i be (-36)/(-15) - 4/10. Let k(t) = -3*t**2 + 6*t + 1. Let j(u) = 4*u**2 - 7*u - 2. Let a(r) = 2*j(r) + 3*k(r). Determine a(i).
3
Let b(z) = z + 6. Let k = -8 - -8. Suppose k = -6*a + 4*a - 5*r + 10, -4*r - 91 = -5*a. Suppose -4*g + g = a. Give b(g).
1
Let j(d) = d**2 - 3*d - 3. Let r be (17 - 22)*1*2/(-2). What is j(r)?
7
Let c(t) = -t**3 - 3*t**2 + 2*t - 1. Let g be (-7)/(14/8)*1. Calculate c(g).
7
Suppose b + 2*q - 5 = 0, 3*b - 7 = q - 5*q. Let r(x) = x**3 + 3*x**2 - x - 2. Give r(b).
1
Suppose 5*a = -l - 3*l - 48, 60 = -5*l + a. Let c = -7 - l. Let p(s) = -3*s - s**2 + 0*s + c - 1 - 1. What is p(-4)?
-1
Let w(s) = s**2 + 1. Suppose -2*o - 1 = -3. Let z be (5/15)/(o/3). Let q(m) = -2*m**3 + 2*m**2 - 1. Let r be q(z). What is w(r)?
2
Let u(q) = 8*q + 2. Let s(x) = -x**2 + x + 4. Let w be s(3). What is u(w)?
-14
Let z(d) = 5*d + 55. Let g be z(-11). Let a(w) = -w - 2. What is a(g)?
-2
Let x = 25 + -37. Let z be ((-2)/(-4))/((-1)/x). Let t(v) = -v**3 + 7*v**2 - 6*v + 3. What is t(z)?
3
Let j(d) = -d**3 - 2*d**2 + 4*d + 1. Let p = 44 - 47. Give j(p).
-2
Let p be ((-10)/(-4))/(((-36)/8)/9). Let c(d) = -d**2 - 7*d - 2. Give c(p).
8
Let v(q) = q + 12. Let a be v(-6). Let m(u) = -8*u + 7*u + 16 - 12. Give m(a).
-2
Let x(v) = 3*v**2 + 4*v - 1. Let n(y) = y**2 - y. Suppose -7 = 4*z + 9. Let j(a) = z*n(a) + x(a). Give j(7).
6
Let i(w) = 9*w - 8. Let d(g) = -5*g + 4. Let y(b) = 11*d(b) + 6*i(b). Let x be y(-4). Let r(t) = -t**3 + t - 6. Determine r(x).
-6
Let x(v) = 2 + v + 5*v - 1. Let z be -3*-2*5/6. Suppose z*q + 2 = -3. Determine x(q).
-5
Let p(i) = 5*i**3 + i**2 + i. Let b be p(-1). Let u(v) = 2*v + 5. Calculate u(b).
-5
Suppose w - 4 = 6. Let s = w - 11. Let x(o) = 3*o**3 + o**2 + 2*o + 1. Determine x(s).
-3
Suppose 3*x = l + 3 + 14, 3*x - 12 = 0. Let w(m) = -m**2 - 7*m - 7. Give w(l).
3
Let w(r) = r**3 + 5*r**2 + 4*r - 1. Let d(v) = 3*v + 7. Let l be d(3). Suppose -u + 1 = -a - 0, 0 = -2*a - 5*u - l. Give w(a).
5
Let i be (5/2)/(-3 - -8). Let s(t) be the first derivative of 1 - 2*t**3 - i*t**2 + t. Give s(1).
-6
Let z(d) = -d + 10. Let t be z(7). Let m(h) = -h**2 + 4*h - 2. Give m(t).
1
Suppose 0 = -3*q + 4*d, -q - 3*d = -d. Let m(w) = w - 14 + 4*w**2 - 5*w**2 + q*w**2. Calculate m(0).
-14
Let t(d) = 8*d + 7. Let j(o) = 9*o + 8. Let u(s) = 4*j(s) - 5*t(s). Calculate u(-2).
5
Let v(z) = -2*z + 3*z - 2*z. Suppose 5*d = 20, -3*c - d = -2*c + 6. Let x = c - -10. Calculate v(x).
0
Let b be ((-6)/(-3))/(1/(-2)). Let y(h) = 0 - 1 + h**2 + 6*h - 7*h - h**3. Let f(n) = 3*n**3 + n**2 - 2*n + 3. Let c(z) = -f(z) - 2*y(z). Calculate c(b).
-1
Suppose -21 + 5 = 2*c. Let i = c + 13. Let g(a) = a + 12 + 2*a - 18 - i*a**2 + a**3. Give g(4).
-10
Let m(b) = -11*b**2 + 5*b - 21. Let n(y) = 4*y**2 - 2*y + 7. Let t = 6 - -2. Let u(a) = t*n(a) + 3*m(a). Let w be -2*2/4 + 1. What is u(w)?
-7
Let r be (12/9 + -1)*-3. Suppose 5*k - 3 - 3 = -3*q, 5*k - 3 = -4*q. Let p(l) = -6*l**3 + 2 - l - 3 + l**2 - 2*l**k + 7*l**3. Give p(r).
2
Let s(t) = -9*t + 8. Let u(j) = -8*j + 8. Let y(v) = 6*s(v) - 7*u(v). Suppose p = 2*l + 4 + 2, -4*l + 24 = 4*p. Give y(p).
4
Let o(c) = -4 - 4*c + 5*c + 3*c. Calculate o(5).
16
Let o(w) = w**2 - 2. Suppose 0*h + 9 = -2*h - 3*v, 3*v = 3. Let q be -3*(16/h)/1. Suppose -2*i = -6*i - q. Calculate o(i).
2
Let s(w) be the third derivative of w**6/360 + w**5/30 + 5*w**4/24 - w**3/6 - 2*w**2. Let r(a) be the first derivative of s(a). What is r(-4)?
5
Let u(r) = -4*r + 9. Let j(d) = -d + 3. Let l(a) = -7*j(a) + 2*u(a). Calculate l(-4).
1
Suppose b - 25 = -4*b. Let h(w) = w. Let d(f) = 3*f + 5. Let c(g) = d(g) - 5*h(g). Give c(b).
-5
Let m(c) = c**2 + 4*c + 1. Suppose -5*u = 2*v - 15 - 6, 2*v + 3*u = 19. Suppose -4*h - v = -2*h. Give m(h).
1
Suppose 11*z - 10*z - 4 = 0. Suppose -5*l + 2*b + b = -8, 0 = -l - z*b - 3. Let r(j) = -j + 2. What is r(l)?
1
Suppose 3*x + 4*f + 2 = 0, 5*x - 2*f = 14 - 0. Suppose 3*u = -y + 3, -u - 1 + x = -5*y. Let c(a) = a - 3. Determine c(y).
-3
Let l(b) = b + 11. Suppose -5*a + 6 = -3*s, -2 + 6 = 2*a - 2*s. Give l(a).
11
Let k(f) = -18*f**2 - f + 1. Let z = 12 - 11. Determine k(z).
-18
Let i(w) = 4*w**3 + 6*w**2 - 6*w + 2. Let t(k) = -5*k**3 - 7*k**2 + 7*k - 1. Let y(j) = 4*i(j) + 3*t(j). What is y(-4)?
1
Let h(j) be the second derivative of -j**5/20 + 5*j**4/12 - j**3/2 - 3*j**2/2 + j. Let g be h(4). Let f(w) = 9*w**3 + w**2 - 2*w + 1. Give f(g).
9
Let p(m) = -m - 16. Suppose 0 = -2*w + 5*q - 35, -4*w - 4*q - 22 = 6. What is p(w)?
-6
Let w(v) be the third derivative of v**5/60 - 7*v**4/24 + v**3/2 + 9*v**2. Give w(5).
-7
Let r(k) be the third derivative of -k**4/4 + k**3/2 + k**2. Let g be (4 + 0)/(0 - -2). Give r(g).
-9
Let b(w) = -2*w**2 + 2*w - 2. Let m be 4 + 5/(-9 - -4). Give b(m).
-14
Let m be 2*(2 - 1) - 1. Let j be m/(((-5)/(-2))/5). Suppose r - 2*q - j - 3 = 0, -3*q = 3*r + 21. Let d(s) = s**2 + 3*s - 4. What is d(r)?
-4
Let t(p) = 433*p - 217*p - 219*p. Determine t(-1).
3
Suppose 3*h = -h + 56. Let d = h + -10. Let y(p) = p**2 - 4*p + 5. Give y(d).
5
Let v be (1 - 1) + 4/1. Let z(x) = x**3 - 4*x**2 + 2*x - 3. Let a(t) =